6. Let b be 0*(-2)/4 + 15. Calculate the greatest common factor of n and b.
15
Let p(t) = -21*t - 7. Let d be p(-1). What is the greatest common factor of 77 and d?
7
Suppose 5*v + 150 - 670 = 0. Suppose 22 + 0 = 2*x - 4*n, 2*n = 4*x - 50. Calculate the highest common divisor of x and v.
13
Suppose a + 3 = 11. Calculate the highest common factor of 136 and a.
8
Let u(x) = 25*x**2. Let k be u(-2). What is the greatest common divisor of 40 and k?
20
Suppose 4 = -2*o + 30. Let q = 8 + o. What is the greatest common factor of 231 and q?
21
Let v = 3641 + -781. Calculate the greatest common divisor of 65 and v.
65
Let f(m) = -6*m - 16. Let p be f(15). Let j = p + 108. Suppose -2*q - q = -66. Calculate the greatest common factor of j and q.
2
Let i be (-2)/(-18) + 130/45. Suppose i*b = -3*r + 45, 2*b + 21 = r + 6. Calculate the greatest common factor of 10 and r.
5
Let t(w) be the third derivative of -w**5/60 - 3*w**4/8 - 2*w**3/3 + 5*w**2. Let i be t(-7). What is the highest common factor of i and 100?
10
Let n be 1564/14 - (-8)/28. Suppose j = 4*q - n, -34 + 174 = 5*q + 3*j. Calculate the highest common factor of 42 and q.
14
Let c(i) = -i**2 + 20*i - 17. Let p be c(19). Suppose -5*q = 30 - 120. Calculate the greatest common factor of q and p.
2
Let b(u) = -2*u + 23. Let v be b(9). Suppose 2*o - 3*l - 87 = 0, -5*o - v*l - 131 = -8*o. Calculate the highest common factor of o and 294.
42
Suppose 0 = -5*d - 3*u + 44 + 504, -3*u + 324 = 3*d. What is the greatest common factor of 1624 and d?
56
Suppose 2*t + 2*q - 1320 = 0, 20*q + 1980 = 3*t + 24*q. Calculate the greatest common divisor of t and 36.
12
Suppose 1676 = 11*p - 106. What is the highest common factor of p and 18?
18
Suppose 147 = 4*x - 13. What is the highest common divisor of x and 8?
8
Suppose 451*d - 455*d + 1056 = 0. Calculate the highest common divisor of d and 176.
88
Let d(r) = -12*r + 256. Let h be d(2). Calculate the highest common divisor of 48 and h.
8
Let i = 2052 + -534. What is the highest common divisor of i and 66?
66
Let t(n) = 2*n - 6. Let u be t(8). Let k be (-36 - -1)/(4/(-8)). Calculate the highest common divisor of u and k.
10
Suppose 0 = 7*c - 6*c + 5*p - 24, 5*c - 33 = 4*p. What is the greatest common factor of 12 and c?
3
Let m(f) = 0*f - 2 - 2*f - f**3 + 24*f + 8*f**2. Let r be m(10). What is the highest common factor of r and 54?
18
Suppose t + 81 + 48 = 5*r, -4*t - 126 = -5*r. Let y = 28 - r. Suppose -109 = -y*m + 15. What is the greatest common factor of 155 and m?
31
Let t(s) = 2*s**2 + 7*s + 9. Let k be t(-7). Let r(n) = n**2 + 5*n - 17. Let j be r(-13). Calculate the highest common factor of j and k.
29
Let d(p) = 22*p - 17. Let v be d(14). Let m = -93 + v. Let q = 40 - 22. What is the greatest common divisor of q and m?
18
Let p(a) = -9*a - 3*a - 1 - a + 0*a. Let c be p(-1). Suppose 3*d - 45 = -2*t, 5*t - 4*d - 241 = -71. What is the highest common factor of c and t?
6
Let u = 5 + -5. Suppose 0 = 5*h + b + 4, 2*b + 10 - 2 = u. Let k be -3 + h + (20 - 3). Calculate the highest common divisor of 7 and k.
7
Suppose -13*m + 6*m = -665. Calculate the highest common divisor of 57 and m.
19
Let m(q) = -41*q + 14. Let y be m(-1). Calculate the greatest common divisor of 44 and y.
11
Suppose 0 = -2*h + 4*s - 8, 2 = 4*h - 4*s + 2*s. Let x(v) = 3*v**2 + v - 1. Let b be x(h). Let g = -70 + 174. What is the highest common divisor of g and b?
13
Suppose 127 = 4*t - 73. Suppose -6*z + 215 = -235. What is the greatest common divisor of t and z?
25
Let h = 345 + -198. What is the greatest common divisor of 42 and h?
21
Suppose -3*r + 29 = 17. Suppose -2*d - r = -2. Let n be 0 + (7 - 4) + d. Calculate the highest common factor of 8 and n.
2
Let p(w) = w + 26. Let v(k) = k**3 + 17*k**2 - 19. Let r be v(-17). Let u be p(r). What is the highest common divisor of u and 1?
1
Suppose 32 = -2*m + 132. Calculate the highest common divisor of 2 and m.
2
Suppose 0 = -a + 113 - 26. Let w = a - 22. What is the greatest common factor of 13 and w?
13
Let t = 31 + -26. Suppose -2*c + 58 = -5*v, v + 2*v = -t*c - 10. Let j = 32 + v. Calculate the greatest common divisor of 55 and j.
11
Let w = -12 + 34. Let n be 2*-2 + (-2 - 3074). Let i be 1/(8/(-20) - 1252/n). Calculate the highest common divisor of w and i.
22
Let x(y) = 3*y**2 + 2*y - 2. Suppose -3*c = c + 20. Let h be x(c). Let n = -9833 - -9875. Calculate the greatest common factor of h and n.
21
Suppose 2*f - 3*v = -0*v - 52, -3*v - 28 = 2*f. Let m be (-796)/f - (-2)/10. Calculate the highest common factor of m and 2.
2
Suppose n + 3*b - 11 = 0, -3*n + 6*n - 15 = -3*b. Suppose 10*z = -5 + 185. What is the highest common divisor of n and z?
2
Let t(b) = 14*b - 9. Let y be t(8). Let i = y - 85. What is the greatest common divisor of 144 and i?
18
Let l = 18 + -30. Let n = l - -33. Calculate the highest common factor of n and 63.
21
Let r(l) = -l**2 - 23*l + 41. Let y be r(-23). Calculate the greatest common divisor of 205 and y.
41
Suppose 3*h = -12*h + 3315. What is the highest common factor of 26 and h?
13
Suppose 0*o - 40 = o. Let i = 43 + o. Calculate the highest common factor of i and 12.
3
Suppose 3*p = -0*p + 15. Let j be 1/p - 4/20. Suppose 5*z - 30 - 5 = j. What is the highest common divisor of 56 and z?
7
Let s(m) = 7*m**2 - 37*m + 168. Let v be s(6). What is the greatest common factor of v and 66?
66
Let f(i) = -5*i - 22. Suppose 4*b + 15 = -5*p, -2*b = 2*p + 1 + 7. Let k be f(b). What is the highest common factor of k and 33?
3
Let r be 30/(-3) + 80 + 7. What is the highest common factor of 42 and r?
7
Let n = 137 + -62. Let h = 174 - n. Calculate the greatest common factor of 11 and h.
11
Let h be 1135/80 - (-12)/(-64). Calculate the highest common factor of h and 497.
7
Let z = -1444 + 1466. Calculate the highest common divisor of 231 and z.
11
Let a(l) = -l**2 - 18*l - 26. Let d be a(-7). What is the highest common divisor of 425 and d?
17
Suppose 5*t + 0*z - 5*z = 330, -5*t + 314 = -z. Let p be t - (4 + -1*8). Calculate the greatest common factor of 6 and p.
6
Suppose -q + 5*b + 30 = -26, -3*q = -3*b - 168. What is the highest common divisor of 308 and q?
28
Suppose 6 = 3*k, 23 = -5*c + 3*k + k. Let w be (2 - 1)*c/(-1). Suppose 14 + 17 = r + 5*l, w*l = 3*r - 183. What is the highest common divisor of 8 and r?
8
Let j = -15 - -19. What is the greatest common factor of 134 and j?
2
Let p(s) be the first derivative of 14*s**3/3 + s**2/2 - 9. Let f be p(-1). Let m be (-3)/(-2)*208/3. What is the highest common divisor of m and f?
13
Let r = 431 - 420. What is the highest common factor of r and 275?
11
Let l(w) = -w**3 - 8*w**2 - 2*w - 8. Let v be l(-8). Suppose -16*p + 429 = -467. What is the greatest common divisor of v and p?
8
Let o = 1144 - 962. What is the highest common divisor of o and 26?
26
Let o = 190 - 101. Calculate the highest common divisor of 2 and o.
1
Let b = 408 - 316. What is the greatest common factor of 69 and b?
23
Let o = -461 - -593. What is the highest common divisor of 33 and o?
33
Let s(r) be the first derivative of -5*r**2 - 4*r + 5. Let u be s(-4). Suppose u = 4*o - o. Calculate the greatest common divisor of 96 and o.
12
Suppose 123*w + 5*b - 52 = 120*w, 0 = w - b - 20. What is the greatest common factor of w and 95?
19
Let x = 71 + -35. Suppose 4*b - 1083 = -s, 4*s + 1335 = 5*b - s. Let j be b*5/((-100)/(-8)). Calculate the greatest common factor of x and j.
36
Let l(n) = 4*n - 26. Let c be l(7). Suppose 0 = c*j - 3*x - 37, 2*x + 4 = -j - x. What is the greatest common divisor of 55 and j?
11
Let l be (-896)/(-18) + (-60)/(-270). What is the highest common factor of 90 and l?
10
Suppose -5*y + 3 = -22. Let v be (32/20)/((-16)/(-20)). Calculate the greatest common divisor of v and y.
1
Let o = -4 - -1. Let b be (o - 0)/(8/(-88)). Calculate the greatest common divisor of 363 and b.
33
Suppose 0 = -2*d + 12 - 4, -8 = -h - 4*d. Let l be (-211)/(-4) - (-6)/h. Let a = -13 - -26. Calculate the highest common divisor of a and l.
13
Let d be (-28 + 30)/((-4)/(-14)). Suppose -3*k + 3 = 15, -4*b = -2*k - 120. Calculate the greatest common factor of d and b.
7
Suppose 0 = -4*a + n + 102, 5*a - 72 = -2*n + 49. Let w = 4 - 4. Suppose w = -5*v + a, 5*v - v = -c + 32. Calculate the greatest common factor o